{"id":438,"date":"2025-07-29T10:39:05","date_gmt":"2025-07-29T13:39:05","guid":{"rendered":"https:\/\/www.blancovallim.com.br\/?page_id=438"},"modified":"2025-07-29T10:45:46","modified_gmt":"2025-07-29T13:45:46","slug":"inpi-2","status":"publish","type":"page","link":"https:\/\/www.blancovallim.com.br\/?page_id=438","title":{"rendered":"INPI"},"content":{"rendered":"\n<hr class=\"wp-block-separator has-alpha-channel-opacity\"\/>\n\n\n<div class=\"wp-block-image\">\n<figure class=\"aligncenter\"><img loading=\"lazy\" decoding=\"async\" width=\"300\" height=\"72\" src=\"https:\/\/www.blancovallim.com.br\/wp-content\/uploads\/2014\/09\/Inpi-organizadora-pode-ser-definida-na-pr\u00f3xima-semana-300x72.gif\" alt=\"Inpi-organizadora-pode-ser-definida-na-pr\u00f3xima-semana\" class=\"wp-image-65\" srcset=\"https:\/\/www.blancovallim.com.br\/wp-content\/uploads\/2014\/09\/Inpi-organizadora-pode-ser-definida-na-pr\u00f3xima-semana-300x72.gif 300w, https:\/\/www.blancovallim.com.br\/wp-content\/uploads\/2014\/09\/Inpi-organizadora-pode-ser-definida-na-pr\u00f3xima-semana-1024x246.gif 1024w\" sizes=\"auto, (max-width: 300px) 100vw, 300px\" \/><\/figure>\n<\/div>\n\n\n<p>Registros de marcas.<\/p>\n\n\n\n<p>Os servi\u00e7os que oferecemos tem por objeto a nossa atua\u00e7\u00e3o junto ao INPI como procuradores de empresas ou pessoas f\u00edsicas, cabendo-nos conduzir todos os assuntos de interesse dos mesmos e, sobretudo, os registros, prorroga\u00e7\u00f5es de registros de marcas e outros mais.<\/p>\n\n\n\n<p>O acompanhamento dos pedidos e dos registros \u00e9 feito semanalmente, mediante a utiliza\u00e7\u00e3o de meios e suportes eletr\u00f4nicos, sendo que qualquer novidade relevante acerca dos processos sob nossos cuidados, \u00e9 imediatamente&nbsp;comunicada&nbsp;aos&nbsp;nossos&nbsp;clientes.<\/p>\n\n\n\n<p>Tamb\u00e9m realizamos, eletronicamente, os servi\u00e7os de vigil\u00e2ncia de marcas de terceiros colidentes e ou conflitantes com marcas de nossos clientes, emitindo avisos, em tempo h\u00e1bil, acerca das provid\u00eancias que dever\u00e3o ser adotadas.<\/p>\n\n\n\n<p>Al\u00e9m desses servi\u00e7os, ainda oferecemos, em mat\u00e9ria de propriedade industrial, assessoria jur\u00eddica consultiva, preventiva e contenciosa na \u00e1rea administrativa, a qual inclui a atua\u00e7\u00e3o advocat\u00edcia extrajudicial, prestada por profissional com mais de quarenta anos de experi\u00eancia nessa \u00e1rea do Direito.<\/p>\n\n\n\n<p>Dispon\u00edvel em:&nbsp;<a href=\"http:\/\/www.inpi.gov.br\/\">www.inpi.gov.br<\/a><\/p>\n\n\n\n<p><\/p>\n","protected":false},"excerpt":{"rendered":"<p>Registros de marcas. Os servi\u00e7os que oferecemos tem por objeto a nossa atua\u00e7\u00e3o junto ao INPI como procuradores de empresas ou pessoas f\u00edsicas, cabendo-nos conduzir todos os assuntos de interesse dos mesmos e, sobretudo, os registros, prorroga\u00e7\u00f5es de registros de marcas e outros mais. O acompanhamento dos pedidos e dos registros \u00e9 feito semanalmente, mediante [&hellip;]<\/p>\n","protected":false},"author":1,"featured_media":0,"parent":0,"menu_order":0,"comment_status":"closed","ping_status":"closed","template":"","meta":{"footnotes":""},"class_list":["post-438","page","type-page","status-publish","hentry"],"_links":{"self":[{"href":"https:\/\/www.blancovallim.com.br\/index.php?rest_route=\/wp\/v2\/pages\/438","targetHints":{"allow":["GET"]}}],"collection":[{"href":"https:\/\/www.blancovallim.com.br\/index.php?rest_route=\/wp\/v2\/pages"}],"about":[{"href":"https:\/\/www.blancovallim.com.br\/index.php?rest_route=\/wp\/v2\/types\/page"}],"author":[{"embeddable":true,"href":"https:\/\/www.blancovallim.com.br\/index.php?rest_route=\/wp\/v2\/users\/1"}],"replies":[{"embeddable":true,"href":"https:\/\/www.blancovallim.com.br\/index.php?rest_route=%2Fwp%2Fv2%2Fcomments&post=438"}],"version-history":[{"count":2,"href":"https:\/\/www.blancovallim.com.br\/index.php?rest_route=\/wp\/v2\/pages\/438\/revisions"}],"predecessor-version":[{"id":441,"href":"https:\/\/www.blancovallim.com.br\/index.php?rest_route=\/wp\/v2\/pages\/438\/revisions\/441"}],"wp:attachment":[{"href":"https:\/\/www.blancovallim.com.br\/index.php?rest_route=%2Fwp%2Fv2%2Fmedia&parent=438"}],"curies":[{"name":"wp","href":"https:\/\/api.w.org\/{rel}","templated":true}]}}