{"id":31,"date":"2014-09-19T12:42:31","date_gmt":"2014-09-19T12:42:31","guid":{"rendered":"http:\/\/www.blancovallim.com.br\/?page_id=31"},"modified":"2015-10-15T13:17:38","modified_gmt":"2015-10-15T13:17:38","slug":"escola-belas-artes","status":"publish","type":"page","link":"https:\/\/www.blancovallim.com.br\/?page_id=31","title":{"rendered":"Escola Belas Artes"},"content":{"rendered":"<h1 style=\"text-align: center;\" align=\"center\"><span style=\"color: #008080;\"><strong>Escola Belas Artes<\/strong><\/span><\/h1>\n<hr \/>\n<h1 style=\"text-align: left;\" align=\"center\"><\/h1>\n<p><img loading=\"lazy\" decoding=\"async\" class=\"alignnone size-medium wp-image-67 aligncenter\" src=\"https:\/\/www.blancovallim.com.br\/wp-content\/uploads\/2014\/09\/02-300x198.png\" alt=\"02\" width=\"300\" height=\"198\" srcset=\"https:\/\/www.blancovallim.com.br\/wp-content\/uploads\/2014\/09\/02-300x198.png 300w, https:\/\/www.blancovallim.com.br\/wp-content\/uploads\/2014\/09\/02.png 771w\" sizes=\"auto, (max-width: 300px) 100vw, 300px\" \/><\/p>\n<p style=\"text-align: center;\" align=\"center\">REGISTRO\u00a0 NA\u00a0 ESCOLA\u00a0 DE\u00a0 BELAS\u00a0 ARTES DA UNIVERSIDADE FEDERAL DO RIO DE JANEIRO (EBA)<\/p>\n<div align=\"justify\" style=\"text-align: center;\">Registros de direitos autorais de obras de desenhos e logotipos.<\/p>\n<div align=\"justify\">As obras registr\u00e1veis e, portanto, proteg\u00edveis junto a Se\u00e7\u00e3o de Direitos Autorais da Escola de Belas Artes, s\u00e3o as seguintes: obras de desenho (j\u00f3ias, personagens, logomarcas, etc&#8230;), fotografias, pinturas, aquarelas, gravuras, esculturas e litografias.<\/div>\n<p>Com rela\u00e7\u00e3o ao registro, os requisitos s\u00e3o os seguintes:<\/p>\n<p style=\"text-align: left;\">1.\u00a0\u00a0\u00a0O requerente do pedido \u00e9 inteiramente respons\u00e1vel pelas informa\u00e7\u00f5es prestadas, tais como autoria, originalidade, dados pessoais, etc.;<\/p>\n<p style=\"text-align: left;\">2.\u00a0\u00a0\u00a0\u00c9 necess\u00e1ria a apresenta\u00e7\u00e3o de duas reprodu\u00e7\u00f5es leg\u00edveis da obra, assinadas pelo autor, no tamanho m\u00ednimo de 19 cm e m\u00e1ximo de 20 cm,\u00a0caso essas reprodu\u00e7\u00f5es sejam feitas em fotoc\u00f3pias;<\/p>\n<p style=\"text-align: left;\">3.\u00a0\u00a0\u00a0Caso haja cess\u00e3o de direitos patrimoniais, dever\u00e1 haver um contrato de cess\u00e3o que \u00e9 preparado em nosso escrit\u00f3rio;<\/p>\n<p style=\"text-align: left;\">4.\u00a0\u00a0\u00a0As seguintes informa\u00e7\u00f5es do autor: nome completo, estado civil, profiss\u00e3o, endere\u00e7o residencial completo (incluindo CEP), data e local de nascimento (cidade e Estado), n\u00famero do CIC, n\u00famero da carteira de identidade, seu \u00f3rg\u00e3o emissor, local de emiss\u00e3o e filia\u00e7\u00e3o completa.<\/p>\n<\/div>\n<p style=\"text-align: left;\">\n","protected":false},"excerpt":{"rendered":"<p>Escola Belas Artes REGISTRO\u00a0 NA\u00a0 ESCOLA\u00a0 DE\u00a0 BELAS\u00a0 ARTES DA UNIVERSIDADE FEDERAL DO RIO DE JANEIRO (EBA) Registros de direitos autorais de obras de desenhos e logotipos. As obras registr\u00e1veis e, portanto, proteg\u00edveis junto a Se\u00e7\u00e3o de Direitos Autorais da Escola de Belas Artes, s\u00e3o as seguintes: obras de desenho (j\u00f3ias, personagens, logomarcas, etc&#8230;), fotografias, [&hellip;]<\/p>\n","protected":false},"author":1,"featured_media":0,"parent":0,"menu_order":6,"comment_status":"closed","ping_status":"closed","template":"page-templates\/page-full-width.php","meta":{"footnotes":""},"class_list":["post-31","page","type-page","status-publish","hentry"],"_links":{"self":[{"href":"https:\/\/www.blancovallim.com.br\/index.php?rest_route=\/wp\/v2\/pages\/31","targetHints":{"allow":["GET"]}}],"collection":[{"href":"https:\/\/www.blancovallim.com.br\/index.php?rest_route=\/wp\/v2\/pages"}],"about":[{"href":"https:\/\/www.blancovallim.com.br\/index.php?rest_route=\/wp\/v2\/types\/page"}],"author":[{"embeddable":true,"href":"https:\/\/www.blancovallim.com.br\/index.php?rest_route=\/wp\/v2\/users\/1"}],"replies":[{"embeddable":true,"href":"https:\/\/www.blancovallim.com.br\/index.php?rest_route=%2Fwp%2Fv2%2Fcomments&post=31"}],"version-history":[{"count":9,"href":"https:\/\/www.blancovallim.com.br\/index.php?rest_route=\/wp\/v2\/pages\/31\/revisions"}],"predecessor-version":[{"id":227,"href":"https:\/\/www.blancovallim.com.br\/index.php?rest_route=\/wp\/v2\/pages\/31\/revisions\/227"}],"wp:attachment":[{"href":"https:\/\/www.blancovallim.com.br\/index.php?rest_route=%2Fwp%2Fv2%2Fmedia&parent=31"}],"curies":[{"name":"wp","href":"https:\/\/api.w.org\/{rel}","templated":true}]}}